*q. What are the prime factors of q?
2, 17
Let s(x) = 3*x - 19. Let f be s(8). Suppose 5*n - 340 = 2*q, -4*n - 2*q = -f*n + 60. List the prime factors of n.
2, 5, 7
Let f = 2028 - 1946. Suppose 3*h - 40 = -148. Let w = h + f. What are the prime factors of w?
2, 23
Let b be 161/(-3) - (-3 - -5)/6. Let u = b + 69. What are the prime factors of u?
3, 5
Let a(q) = q**3 - q**2 - 3. Let b be a(6). Suppose 3*o = b - 36. List the prime factors of o.
47
Let r = 328 - -430. List the prime factors of r.
2, 379
Let z be -3 - (-3 + 1 + -6). Suppose -3 = -z*u + 12. Suppose -8*w + u*w = -115. What are the prime factors of w?
23
Let r = 15 + -12. Suppose 9 = r*z - 3. Suppose f = 3*b + 22, -z*f + 5 + 15 = 5*b. What are the prime factors of f?
2, 5
Let v(a) be the third derivative of a**4/24 - a**3/6 + 5*a**2. Let n(i) = -14*i - 2. Let m(z) = n(z) - 3*v(z). List the prime factors of m(-1).
2, 3
Let v = 0 - -3. Let o = -23 + 25. Suppose -4*w + 89 = v*m, o*w - 41 = -m - 4*m. List the prime factors of w.
23
Suppose 0 = -x - 0 + 4, -5*a - 5*x = -45. Suppose -u = -5*j - a, -5*j = -5*u - 11 - 4. What are the prime factors of 105/14*(-4)/j?
3, 5
Let w(o) = o**3 + 6*o**2 + 6*o + 9. Let z be w(-5). Suppose -z*g - 6 = 14. What are the prime factors of (-168)/g + (-21)/35?
3, 11
Suppose 66 = 2*b + 2*c, 5*c - 21 = -2*b + b. Let m = 62 - b. List the prime factors of m.
2, 13
Suppose -2*j = 2*v - 5090, -3*v + 15 = -8*v. List the prime factors of j.
2, 7, 13
Let z(m) = 2*m + 9. Let y(p) = -4*p - 21. Let n(h) = -12*h - 62. Let w(a) = 3*n(a) - 8*y(a). Let r(j) = 3*w(j) + 7*z(j). List the prime factors of r(11).
31
Suppose 5*v - 58 = 22. Let o = v + -5. Let q = 16 + o. What are the prime factors of q?
3
Let i = -21 - -63. What are the prime factors of i?
2, 3, 7
Let o = 13 - 8. Suppose 0 = o*r - 29 - 66. Suppose 2*i - r = 27. List the prime factors of i.
23
Suppose z + 3 = 5, -m = 4*z - 8. Suppose -5*w + i + 24 = 4*i, -3*i + 9 = m. Suppose w*p - 44 = 28. What are the prime factors of p?
2, 3
Let s be ((-6)/(-6))/(1/(-19)). Let h = 23 - s. What are the prime factors of h?
2, 3, 7
Suppose -n - 179 = -2*f, 226 + 499 = -4*n + 5*f. List the prime factors of (-5)/(-25)*-2*n.
2, 37
Let u = 6 + -2. Suppose -25 = u*r - 9. What are the prime factors of r/2 + 14 - 0?
2, 3
Let w = -16 + 11. Let u = 2 - w. Suppose 96 = u*z - 3*z. List the prime factors of z.
2, 3
Suppose -12*w + 7*w + 3131 = -3*y, -4*w + 3*y + 2506 = 0. List the prime factors of w.
5
Suppose 2*d - 565 = -143. Suppose -u - d = -3*s, 0 = -3*u + 2*u + 5. What are the prime factors of s?
2, 3
Let b be 6*((-17)/(-3) - 1). What are the prime factors of ((-33)/(-22))/(-6*(-1)/b)?
7
Let k(r) = 8*r**2 - 27*r + 18. What are the prime factors of k(12)?
2, 3, 47
Suppose -5*u + 6*u = 4*k + 280, u + 140 = -2*k. Let c = k - -43. Let f = c + 55. What are the prime factors of f?
2, 7
Let w = 958 + -378. What are the prime factors of w?
2, 5, 29
Let h(i) = -3*i - 7. Let k be h(-3). Suppose 3*w + 2*d + 5 = 0, -w + k*d = -3*w - 6. List the prime factors of (w + -4)/((-14)/126).
3
Suppose 2*i + 7924 = 16*i. List the prime factors of i.
2, 283
Let x(z) = -30*z - 5. Let l be x(-4). Suppose 6*v + 8 - 20 = 0. Suppose 4*i = q - 23, -2*q + v*i + l = 3*q. What are the prime factors of q?
23
Let o(x) = -x**3 - 20*x**2 - 7*x - 61. What are the prime factors of o(-21)?
17, 31
Let j(g) = 3*g**2 - g + g - 5. Let m = -154 - -157. List the prime factors of j(m).
2, 11
Suppose -6*d = -7*d + 96. Suppose 5*z = 2*n - 83, 4*z = -2*n + d - 22. List the prime factors of n.
3, 13
Let c(v) = v**2 - 5*v - 4. Let o be c(4). Let j be (-20)/o - 2/(-4). Suppose y + 10 = j*y. List the prime factors of y.
5
Suppose 2*o - 131 = 109. List the prime factors of o.
2, 3, 5
Let h(z) = 37*z - 2. Let w(x) = -x**2 - 4*x + 3. Let j be w(-4). List the prime factors of h(j).
109
Suppose 5*n + t = 5273, -46*n + 42*n + 4*t = -4204. List the prime factors of n.
2, 17, 31
List the prime factors of 4*(-10)/(-8) + 347.
2, 11
Suppose 8 + 12 = -5*b, 3*f - 1190 = 5*b. Suppose -5*a + 4*y - f = 0, 143 = -2*a - 0*a - y. Let u = 108 + a. List the prime factors of u.
2, 17
Suppose 13*r = 12*r - 43. Let j = 73 + r. What are the prime factors of j?
2, 3, 5
List the prime factors of 13935/6*26/65.
929
Suppose 186 = 3*b + 4*g, -2*b = -3*g - 2 - 139. Let n = -15 + b. List the prime factors of n.
3, 17
Let g(r) = -9 - 5*r - r + 25 - 9 + r**2. What are the prime factors of g(5)?
2
Let l = 7 + -7. Suppose -a - 2*a + 18 = l. List the prime factors of 238/a + (-12)/18.
3, 13
Suppose -1585 = -22*t + 8447. List the prime factors of t.
2, 3, 19
Let q(r) = r**2 - r - 3. Let z be q(-2). Suppose -2*n = z*n. Suppose n = -3*p - 2*m + 74, -3*m + 75 = 4*p - p. List the prime factors of p.
2, 3
Let h(k) = k + 40. Let o be h(-22). Suppose -x - o = -2*x. List the prime factors of x.
2, 3
Let o(y) = -y**2 + 2*y + 100. Let m be o(0). Suppose -3*f + 44 = -m. Suppose -u - 4*u - 3*c = -47, -5*u = 2*c - f. List the prime factors of u.
2, 5
Let p(o) = 47*o - 299. List the prime factors of p(24).
829
Suppose 0 = 4*r + 2610 + 1490. Let u be 2/9 - r/45. Let n = u + -5. What are the prime factors of n?
2, 3
Let y = 3 - 6. Let l(q) be the first derivative of 4*q**3/3 + 3*q**2/2 + q + 111. What are the prime factors of l(y)?
2, 7
Let j = 479 - 390. What are the prime factors of j?
89
Suppose -2*t = -5*n + 712, -n + 966 = -4*t - 476. Let l = -184 - t. List the prime factors of l.
3, 59
Suppose 700 = 3*n - 7*n. Let b = n - -303. What are the prime factors of b?
2
Suppose 4*l + 185 = -l. Let a = l + 68. What are the prime factors of a?
31
Let u(x) be the first derivative of -x**4/4 + 4*x**3/3 + 3*x**2 + 8*x + 4. List the prime factors of u(-5).
7, 29
Let h(j) = -j + 10. Let c be h(0). Suppose 0 = 5*w - 0*w - c. Let v(a) = 4*a + 3. What are the prime factors of v(w)?
11
Let a(b) be the second derivative of b**3/6 - 7*b**2/2 - 6*b. Let r be a(9). Suppose -1 - 5 = -r*g. List the prime factors of g.
3
Let g(i) = -2*i - 18. Let r be g(-11). What are the prime factors of (-30 - -50)/(r/14)?
2, 5, 7
Let t(x) = -x**3 + 2*x**2 + 5*x - 3. Let c be t(-4). Suppose -5*p - r - r = -182, -2*p = r - c. List the prime factors of p.
2, 3
Let y be 4/(26/7 + -4). Suppose 0 = 3*c - v - 2*v - 57, 3*c + 3*v = 63. Let r = y + c. List the prime factors of r.
2, 3
Let y = -102 + 60. List the prime factors of ((-8)/(-6))/2 - 9086/y.
7, 31
Suppose -3*u + 5 = 4*v - 2*v, -2*u = -2*v. Suppose -15 = -2*h + v. Suppose -h*d + 172 = -4*d. What are the prime factors of d?
43
List the prime factors of -46*((-7)/((-49)/(-70)) + -6).
2, 23
Suppose 0 = -4*k - c + 701, -3*c + 4*c = 2*k - 349. List the prime factors of k.
5, 7
Let j(p) = -p**2 + 7*p + 13. Let y be j(8). Let n(l) = -l**3 + 11*l**2 - 22*l + 5. List the prime factors of n(y).
3, 5
Suppose 0 = 3*q + 5*t + 3 + 5, -5*t = 5. Let d(b) = -74*b - 1. Let k be d(q). Let j = k - 25. What are the prime factors of j?
2, 3
Suppose 0 = -2*t + 3 + 3. Let c be (-1 - -4) + -3 + 2. Suppose c*p - t - 65 = 0. List the prime factors of p.
2, 17
Let h be (-4*(-45)/140 + -2)*-7. Let b(d) be the second derivative of -d**4/12 + 3*d**3/2 + d**2/2 + d. What are the prime factors of b(h)?
3, 7
Suppose c + 40 = 158. Suppose 0 = o + o - c. What are the prime factors of o?
59
Suppose -7*o + 5 = -2*o. What are the prime factors of 63*1 + (-3)/o?
2, 3, 5
Suppose 27*t - 35335 - 18314 = 0. What are the prime factors of t?
1987
Suppose 2*f - 107 = -f + 4*l, -2*l = -f + 39. Suppose 2*x = 39 + f. List the prime factors of x.
2, 17
Let f(c) = -3*c**3 + 3*c**3 + 47*c + 7*c**2 - 37*c - c**3. What are the prime factors of f(6)?
2, 3
Let d(f) = 37*f - 110. What are the prime factors of d(20)?
2, 3, 5, 7
Let r = -1 - -4. Let v = 16 + -13. Suppose 0*u + b + 14 = v*u, r*b - 36 = -4*u. List the prime factors of u.
2, 3
List the prime factors of (3158 + 8)*(36/8 + -4).
1583
Suppose 0 = 4*s - 721 - 1427. List the prime factors of s.
3, 179
Let w = 16 - 10. Let c be 40/(-15)*w/2. Let u(m) = m**2 + 5*m + 2. List the prime factors of u(c).
2, 13
Suppose 122 = 5*r + 102. Suppose 2*g = 4*s + 6*g - 216, -190 = -3*s + r*g. What are the prime factors of s?
2, 29
Let h = -13 - -82. Let r(f) = -f**2 - 15*f + 16. Let v be r(-16). Suppose -h = -v*u - 3*u. What are the pr